/(-1)*2. List the prime factors of (-4)/(-2 - f/(-2)).
2
Let o(h) = h**3 - 5*h**2 + 6. Let t be o(5). Let u(p) = -p**3 + 5*p**2 + 6*p + 8. List the prime factors of u(t).
2
Let i(k) = k**3 + 12*k**2 - 16*k - 12. List the prime factors of i(-13).
3
Let y be -1*-2*(-22)/(-4). Suppose -s - 5*j = 2*s - 73, -s = -j - y. List the prime factors of s.
2
List the prime factors of (1 - 167)/(4/(-6)).
3, 83
Suppose 2*o = -6 + 2. What are the prime factors of (2 - (o + 7)) + 16?
13
Let o = -156 - -75. Let r = o + 146. Suppose 2*n - r = -3*n. What are the prime factors of n?
13
What are the prime factors of -1 + -1 - -5 - -23?
2, 13
What are the prime factors of 12/(-8)*(-384)/9?
2
Let l(i) = -6*i**2 - 2*i + i**3 + 4*i - 10 - 6*i. Suppose a - 2*o + 3*o - 8 = 0, -2*a + 11 = -3*o. List the prime factors of l(a).
11
Suppose 2 = -2*y + 54. What are the prime factors of y?
2, 13
Let a(p) = 34*p**2 - 3*p + 7. List the prime factors of a(2).
137
Let a be -2*(-1)/(4/(-6)). Let b be 0/((-12)/3) + 7. Let o = a + b. List the prime factors of o.
2
Let k(m) = m**2 - 8*m - 5. Let l be k(7). Let y = 17 + l. Suppose y*g - 12 = 3*g. List the prime factors of g.
2, 3
Suppose -o + 32 = 2*s, 0 = -4*o - 0*o + 16. List the prime factors of s.
2, 7
Let r be 1/(-3) - (-10)/(-6). Let j be ((-2)/6)/((-3)/(-396)*-4). List the prime factors of j/1 + (-4)/r.
13
List the prime factors of 4 - (7 - (3 - 0) - 206).
2, 103
Suppose -5*m + 2*u + 209 = 0, m - 33 = -0*m - 4*u. List the prime factors of m.
41
Suppose -s - 192 = 2*s. Let p = s + 110. What are the prime factors of p?
2, 23
Suppose -4 = 4*u + 4*x - 64, -5*x + 9 = -u. Let j = u + -5. List the prime factors of j.
2, 3
Let l = -64 + 195. List the prime factors of l.
131
Let s be (-4)/(-1*(-2)/3). Let r be (-1)/(-2 - s/4). Suppose -r*a = 0, 2*y - 14 = 2*a - 0*a. What are the prime factors of y?
7
Let b be ((-1)/((-2)/4))/(-2). Let p = b + 3. What are the prime factors of p?
2
Let y(z) = -3*z**3 - 19*z**2 - 21*z + 17. Let c(a) = 2*a**3 + 13*a**2 + 14*a - 11. Let k(o) = 8*c(o) + 5*y(o). List the prime factors of k(-8).
5
Let p = 3 - 1. Suppose 3*r - 2*k = 2*r - 5, -3*k + 18 = p*r. List the prime factors of r.
3
Let l be (42/2)/((-12)/(-8)). Let x = l + -8. What are the prime factors of x?
2, 3
Suppose -16*d + 205 = -11*d. What are the prime factors of d?
41
Suppose 4*u = -k - 8, 0 = 5*u - 4*k + 3 - 14. Let t = u + 3. Suppose -5*a = -63 - t. List the prime factors of a.
13
Let u = -6 + 4. Let f be 2 - (0/u)/(-1). Suppose -f*o - 9 = -5*o. List the prime factors of o.
3
Let j be 5*2/(0 - -2). Suppose k - j*k + 8 = 0. Suppose m - 7 = -2*u - 0*u, -k*m = -4*u + 2. List the prime factors of m.
3
Let m = -160 + 354. What are the prime factors of m?
2, 97
Let g(r) = 2*r**3 - 5*r**2 + 3*r + 1. What are the prime factors of g(3)?
19
Let l = 15 - 11. Suppose -48 = -4*o - l*p, 5*o + 3*p - 18 = 42. Suppose 0 = -2*u + 4*u - o. What are the prime factors of u?
2, 3
Suppose 3*s - 209 = p, 4*s + 4*p - 354 = -s. List the prime factors of s.
2, 5, 7
Suppose 23 = 2*a - 3*s - 1, -9 = -a + 3*s. Suppose 15 = 3*v + 2*v. Suppose 3*i - 4*y - 27 = 8, 0 = -i + v*y + a. List the prime factors of i.
3
Let z(c) = c**3 + 7*c**2 + 6*c + 3. Let i be z(-6). Let m(b) = b**3 - 3*b**2 + 4*b - 3. Let t be m(i). What are the prime factors of (-1)/3 + 75/t?
2
Let p(g) = -2*g**2 + 3*g - 7. Let x be p(3). Let u = -8 - x. List the prime factors of u.
2
Let k = 382 + -255. What are the prime factors of k?
127
Let z be -2 + -1 - (3 + -2). List the prime factors of 15 + z/2 + -1.
2, 3
Let h(m) = -1 + 0*m**2 + 0*m**2 + m**2. Let c = -65 - -61. What are the prime factors of h(c)?
3, 5
Suppose 3*t = 7 + 5. Suppose -t*d + 20 = -2*d. What are the prime factors of d?
2, 5
Let x = -2 - -36. Let c be ((-112)/(-35))/(4/10). List the prime factors of c/(-24) - x/(-3).
11
Let g be -1*31/(-1) - 3. Suppose -2*z + g = -4. List the prime factors of z.
2
Let t = 2 - 3. Let i = t - -4. List the prime factors of i.
3
Suppose -26 - 6 = -f - 5*m, -3*m - 77 = -2*f. What are the prime factors of f?
37
Let l be -2 + (-4 - -2) + 5. Suppose -2*k + 7 = -l. List the prime factors of k.
2
Let f(n) be the first derivative of -2 - 6*n - 3*n**2 + 1/3*n**3. What are the prime factors of f(8)?
2, 5
Let p be 4*(7/(-4) - -1). Let k = p - -4. What are the prime factors of k/2*(16 - 2)?
7
Suppose 0 = 5*f - 5*a + 190, f + 3*a - 2*a = -32. Let k = f + 9. Let s = -15 - k. List the prime factors of s.
11
Suppose 2*o = -2*o + 152. Let f = -20 + o. List the prime factors of f.
2, 3
Let t be 4 - 1/(2 + -1). Suppose -t*o = -10 + 4. What are the prime factors of 13 + o + 3/(-1)?
2, 3
Let q(i) = i**2 - 10*i - 9. List the prime factors of q(11).
2
Let r = 93 + -64. List the prime factors of r.
29
Suppose 4*n - 27 - 129 = 0. What are the prime factors of n?
3, 13
Let k(t) = t**3 - 7*t**2 + 7*t - 4. Let n be k(6). Suppose -n*a + 156 = 2*a - b, -3*b = 0. List the prime factors of a.
3, 13
Let t(c) = -9*c**3 - 27*c**2 - 24*c + 9. Let n(y) = 4*y**3 + 13*y**2 + 12*y - 4. Let b(d) = -7*n(d) - 3*t(d). List the prime factors of b(-9).
2, 7
Suppose -4*r = -7*r. Suppose r*o - 28 = -4*o + 4*t, o - 5*t - 27 = 0. What are the prime factors of o?
2
Let c = 15 - 12. Suppose -c*z + 31 - 7 = 0. What are the prime factors of z?
2
Suppose -3*m = -p + 5*p - 43, -3*m = -4*p + 13. Let k be (7/(-4))/(p/28). Let o(i) = i**3 + 7*i**2 - i - 4. List the prime factors of o(k).
3
Let i(p) be the first derivative of -19*p**2/2 + 2*p - 3. What are the prime factors of i(-1)?
3, 7
Let v(x) = 18*x + 3. Let u be v(-2). Let m = u - -77. What are the prime factors of m?
2, 11
What are the prime factors of (4 + -3)/((-1306)/436 - -3)?
2, 109
Suppose -g = 2*u + 4*g - 1, -5*u - g - 55 = 0. Let m = 6 + u. Let h = 3 - m. What are the prime factors of h?
3
Suppose 5 = -2*i + 29. Suppose 5*l + 3*a - 19 = 0, 4*l + l = 3*a + 1. Suppose l*g + 2*d = 40, 5*d - 69 = -4*g + i. What are the prime factors of g?
19
Suppose -86 - 20 = -g. List the prime factors of g.
2, 53
Suppose -4*v = 2*v - 6. Let r = 6 + 1. List the prime factors of r - 2/((-2)/v).
2
Suppose z + 2 = 2*z. Suppose z*f - 4 = -4*x, 5*x + f = 2*x + 2. Suppose x = 3*a - 4 - 29. List the prime factors of a.
11
Suppose 0 = -0*b + 3*b. Let l(k) = k**3 - k**2 - k + 11. What are the prime factors of l(b)?
11
Let l be (0 - 1)*(29 - 4). What are the prime factors of 4/(-5)*l/2?
2, 5
Let c(x) = -x**3 - 4*x**2 - 8*x - 9. What are the prime factors of c(-4)?
23
Let r = -177 - -279. List the prime factors of r.
2, 3, 17
Let n(c) = 3*c**2 - 8*c + 6. Let s be n(5). Let o = s - 66. Let p = 40 + o. What are the prime factors of p?
3, 5
Let o(z) = -3*z**2 - z. Let b be o(1). Let t be (b/2)/((-10)/20). Suppose -t*a + a = -3*k - 27, 5*a - 24 = -2*k. List the prime factors of a.
2, 3
Suppose -12 = -0*z - 4*z. Suppose -3*p - l = -4*l - 36, -z*l = 15. What are the prime factors of p?
7
Let r = -1 + 3. Suppose 9 = r*h + h. Suppose -5*o = -23 + h. List the prime factors of o.
2
Let w be 1 + -1 + -1 + -1. Let n = 2 + 0. What are the prime factors of -1 + w/n*-4?
3
Let t = 32 + 19. What are the prime factors of t?
3, 17
List the prime factors of 3/2 + -1 - 1813/(-14).
2, 5, 13
Let s = 271 + -65. List the prime factors of s.
2, 103
Suppose 2*j + 8 = 2*m, j + 6*m - 3*m = 12. Let n be (0 - j)*(0 + -1). Suppose -b - 4*v - 8 - 6 = 0, 4*b + 2*v = n. What are the prime factors of b?
2
Suppose -4*s + 2 = -62. List the prime factors of s.
2
Let m(k) = -3*k - 21. What are the prime factors of m(-14)?
3, 7
Let y be 5/3*(0 - -3). Let o = 11 + y. Let v = o - 3. List the prime factors of v.
13
Let b = 11 - 0. What are the prime factors of b?
11
Suppose q + 4*q + 14 = -d, 0 = -5*q - 3*d - 12. Let a = 7 + q. Suppose 5*y = 2*c - 51, -3*c + 60 = c + a*y. What are the prime factors of c?
2, 3
Suppose 17 = d - 11. Let l = d + 1. What are the prime factors of l?
29
Suppose -2 - 2 = -2*h, 38 = 3*i - 2*h. Let d be 60/i + 4/(-14). What are the prime factors of d - 1/2*2?
3
Suppose -2*n = 3*n - 5. Suppose 13 = 3*y + 3*m - 2, -4*y - n = -3*m. Let q = 4 + y. List the prime factors of q.
2, 3
Let p(x) = -3 + 2 - 11*x - 3 - 5*x**2. Let a(s) = 11*s**2 + 23*s + 9. Let o(u) = 4*a(u) + 9*p(u). List the prime factors of o(-6).
2, 3
Let q be 15/(-6)*(-8)/10. Suppose -q*k - 